2 and a?
31
Suppose 2*v - 4*h + 27 + 153 = 0, 3*v - 4*h + 262 = 0. Let p = -22 - v. Let a be ((-6)/8)/((-3)/p). What is the highest common divisor of 105 and a?
15
Let i be -17*(2/2 + 0). Let a = 4 - i. Suppose -a = 3*l - 6*l. What is the greatest common factor of l and 7?
7
Let o(m) = -m**3 - 3*m**2 - 4*m + 1. Let w be o(-3). Calculate the highest common factor of 39 and w.
13
Let q be 120/18*(-6)/(-5). Calculate the greatest common divisor of 1 and q.
1
Let w = -28 + 108. What is the greatest common factor of 10 and w?
10
Suppose 3*k + 2 = k. Let d be 2/1 + k + 49. What is the highest common factor of 20 and d?
10
Let v(i) = -i**2 + 9*i - 15. Let u be v(6). Suppose 0 = -o - 4*o + 25. Suppose 1 + o = 2*c, -2*w = -3*c - 33. Calculate the greatest common factor of u and w.
3
Let q be 112/3 + -3 - 2/6. Calculate the greatest common divisor of q and 51.
17
Let m = -14 - -25. What is the highest common factor of m and 88?
11
Let p(z) = 14*z**2 + 2*z - 2. Let f be p(1). Suppose -v + 3*v - 280 = 0. What is the highest common divisor of v and f?
14
Let z be (3 - 16/4)*-4. Let x be (-48)/(-5) + z/10. Calculate the greatest common factor of x and 5.
5
Suppose 61 = 4*q - 83. Suppose q = 4*d - 3*c - c, -3*c = 2*d - 3. Calculate the highest common factor of 12 and d.
6
Let v = -11 - -4. Let q = v - -9. Suppose q*t - t - 11 = 0. What is the greatest common divisor of t and 88?
11
Let z(d) = -d**3 - 3*d**2 + 8*d + 5. Let c be z(-5). Let t be ((-12)/c)/((-2)/45). What is the greatest common factor of t and 18?
18
Suppose -3*h - 9 = -12. Calculate the highest common divisor of 1 and h.
1
Let y be (4 + -1)/(1 - 2). Let m be 1/y - 32/(-6). Suppose -m*j + 36 = -j. Calculate the highest common factor of 3 and j.
3
Suppose -9*x - 18 = -10*x. Suppose v - 1 = 0, -v - x = -s + v. Calculate the greatest common divisor of 4 and s.
4
Suppose -2*y = 3*f - 39, 0 = -f + y - 0*y + 13. Let g = 18 - f. Suppose -4*q - 2*d = -14, -q - d = -5*d + 10. What is the greatest common divisor of q and g?
1
Let u = 2 + 0. Suppose 0*c - u*c + 71 = m, -c - 3*m = -38. Suppose -18 + 7 = 2*o - 5*b, 3*o - 26 = -b. Calculate the greatest common divisor of c and o.
7
Let m = 641 + -456. What is the highest common divisor of 74 and m?
37
Let u(y) = -7 + 3*y**3 - y - y**2 - 5*y**3 + 0*y**2 + 3*y**3. Let p be u(5). Calculate the greatest common factor of 11 and p.
11
Let f(l) = l**2 - 5*l + 1. Suppose j - 6 = -0*j. Let b = j + 1. Let g be f(b). Calculate the greatest common factor of 5 and g.
5
Suppose -4 = -5*v + 41. Calculate the highest common factor of 6 and v.
3
Suppose p + p = 90. Let d be (-8)/16*1*-18. Calculate the greatest common divisor of d and p.
9
Suppose -2*z - 2*o + 130 = 0, 0 = -2*z - 2*z - o + 275. What is the greatest common factor of z and 10?
10
Suppose -5*c + 2*d = -379, 2*c - 3*d - 156 = -0*c. Calculate the greatest common divisor of 15 and c.
15
Suppose 0 = w + 2. Let z be w - -4 - 396/(-2). Calculate the highest common divisor of z and 20.
20
Let k(a) = -a - 4. Let j be k(-6). Calculate the greatest common factor of j and 22.
2
Let y = 15 - 13. Let h be y/11 - 2096/(-88). What is the highest common factor of h and 6?
6
Suppose -h + 3*h + 5*o = 36, 0 = -3*h + 3*o + 33. Let n be (-14 - (0 + -1))/(-1). What is the highest common factor of h and n?
13
Let m be 3 + -1 - (-36)/3. What is the greatest common divisor of 14 and m?
14
Let h be (1 + (-7)/5)*-5. Let f = 88 + -82. What is the highest common factor of f and h?
2
Let h = -13 - -15. Let p be (-4)/(14/8 - h). What is the greatest common factor of p and 64?
16
Suppose 5*v - 3*l = 120, 2*l + 3*l = 0. What is the highest common factor of v and 6?
6
Suppose 2*r - 12 = -r. Let v = -3 - -8. Suppose -11 = v*l - 36, -r*y = 3*l - 63. What is the highest common factor of 60 and y?
12
Suppose 690 = -4*j + 10*j. Calculate the highest common divisor of 23 and j.
23
Let v(f) = 9*f + 5. Let h be v(5). Suppose -40 = -27*g + 25*g. Calculate the highest common divisor of h and g.
10
Suppose 15 = y - 4*k - 5, 4*k + 28 = 3*y. Let g = 20 + y. Calculate the highest common factor of g and 12.
12
Suppose 13*q - 17*q + 16 = 0. Calculate the highest common factor of q and 32.
4
Let z be (4 + -6)/((-4)/22). Calculate the highest common factor of z and 33.
11
Let g be 4/10 - 74/10. Let v(b) = b**3 + 8*b**2 + 8*b + 5. Let s be v(g). Let r be 1840/44 - s/11. What is the greatest common factor of r and 6?
6
Let c(v) = 62*v**2 - v. Let d be c(-1). Let f = 88 - d. What is the highest common factor of f and 10?
5
Let w(o) = o**3 + 3*o**2 - 3*o - 1. Let m be w(-3). What is the greatest common factor of 184 and m?
8
Let w be (4/(-5))/(-5 - (-369)/75). What is the greatest common divisor of 4 and w?
2
Suppose 0 = 5*c - 29 + 9. Suppose 0*v = -4*f + 5*v + 63, 2*f - c*v = 36. Let a be -3 + (65 - -1)/2. Calculate the greatest common factor of f and a.
6
Suppose 3*z - 57 = -3*h, -3*z = -4*h + 3*h - 37. What is the greatest common divisor of 56 and z?
14
Suppose 2*f + 96 = k + k, -2*f + 129 = 3*k. Let t = -24 + k. Calculate the highest common divisor of t and 84.
21
Let l(d) = d**3 + 5*d**2 - 2*d + 10. Let t be l(-5). What is the greatest common factor of 180 and t?
20
Let o(l) = -l**2 + 11*l + 25. Let j be o(11). Calculate the greatest common factor of 175 and j.
25
Let f be ((-18)/7)/((-2)/42). Suppose i - f = -2*i. What is the greatest common factor of i and 6?
6
Suppose 2*h - 6*h + 76 = 5*l, -4*h = 4*l - 72. What is the highest common divisor of 14 and h?
14
Suppose 4*a + 5*y - 4*y = 15, -3*a + y + 13 = 0. What is the highest common factor of 100 and a?
4
Let j(w) = -w - 1. Let b be j(-1). Suppose 5*o + 20 + 0 = b. Let m be (-1 - o - 2)*34. Calculate the greatest common divisor of m and 85.
17
Let g(t) be the third derivative of -t**5/60 + 3*t**4/4 + 2*t**2. Suppose -2*k = 2*k - 40. Let q be g(k). Calculate the highest common divisor of q and 10.
10
Let u(x) be the first derivative of x**4/4 - x**3 - 7*x**2/2 - x - 1. Let q be u(5). Calculate the highest common divisor of 2 and q.
2
Suppose -3*q + 6*q - 81 = 0. Calculate the highest common divisor of q and 18.
9
Suppose 0*n = n - 2. Suppose -4*r - 8 = -n*h, 7*h - 2*h - 80 = -2*r. Let z(c) = 8*c + 2. Let m be z(5). What is the highest common factor of m and h?
14
Let r = 31 + -18. Suppose -38 = -2*h + 66. Calculate the greatest common divisor of h and r.
13
Let a = 9 - -2. Calculate the highest common divisor of a and 88.
11
Suppose 0*j - 78 = -6*j. Calculate the highest common factor of 13 and j.
13
Let n = 6 - -76. Suppose 3*i + 10 = n. What is the highest common divisor of i and 264?
24
Let l be (11/2)/(2/4). Let i be ((-30)/(-7))/((-4)/(-28)). Suppose 4*m - 58 = i. Calculate the greatest common divisor of m and l.
11
Let r be (-9)/6*(-5 - -1). Suppose -s - 50 = 3*t, t + 5*s + 24 = s. Let c be t/(r/(-2 - 1)). What is the highest common factor of c and 8?
8
Let r(m) = -m + 12. Suppose -4*u - 19 = -63. Let z be r(u). What is the highest common factor of z and 5?
1
Let k be (40/12)/((-4)/(-246)). Let u = k + -105. Calculate the greatest common divisor of u and 10.
10
Suppose 5*b + 0*b - 1850 = -5*w, -3*w - 5*b + 1102 = 0. What is the highest common factor of w and 34?
34
Let k be (-2)/5 + 8/(-5). Let a(n) = -2*n**3 + n**2 - n - 1. Let p be a(k). Let x be 3/((p/(-18))/(-7)). Calculate the highest common divisor of x and 6.
6
Suppose -37 - 23 = -4*l. Let i = -1 + 4. What is the greatest common factor of i and l?
3
Let w(s) = -25*s + 1. Let f be w(7). Let p = -124 - f. Suppose -2*q = q - 30. Calculate the highest common divisor of q and p.
10
Suppose -3*q + 5*t = -144 + 4, 0 = -3*q + 3*t + 138. What is the highest common factor of 10 and q?
5
Let y = -139 + 149. What is the highest common factor of y and 15?
5
Let s = 113 + -77. Suppose -2*h = 2*a + h - 13, -1 = h. Let i = -4 + a. What is the greatest common factor of s and i?
4
Suppose -2*b = 5 - 1. Let k = -1 + b. Let x be (-34)/k + (-4)/(-6). What is the greatest common factor of 36 and x?
12
Let y(t) = -t**2 - t + 4. Let b be y(0). Let x(v) = v**2 - 3*v + 1. Let k be x(b). Suppose 3*m + 18 = k*m. What is the greatest common factor of m and 3?
3
Let l be 4/(0 + (-4)/(-6)). Suppose 0 = -2*k - 4 + 16. Suppose 3*q - 81 = -5*p, 41 = 3*p - 5*q + k. What is the g